*4/2 - 2*x**3/3 + x + 1. Suppose 2234 = -8*v - 70. Let z = v - -289. Give i(z).
1
Let w be 3*(-1)/(1/(-13) + 0). Let t(g) = 0 - 2 - w*g + 13*g + 17*g. What is t(2)?
-20
Let l(x) = 17*x - 1. Let j(q) = q**2 + 73*q - 12. Let s(k) = j(k) - 5*l(k). Give s(7).
-42
Let q(x) = -12 - 4*x + 23 - 3*x - 6. Let m(i) = i**2 + 4*i - 3. Let r(b) = 5*m(b) + 3*q(b). Give r(1).
4
Let h(p) = -1821 + 905 - p + 911. Calculate h(-9).
4
Let t(m) = 167*m + 59. Let b(s) = -372*s - 118. Let r(p) = 4*b(p) + 9*t(p). Determine r(-4).
-1
Suppose 3*n + 18 = -2*d, -4 = d - n + 5. Let o(t) = t - 16. Let v(y) = y + 17. Let z(i) = o(i) + v(i). Determine z(d).
-17
Suppose 0 = 5*m - 5*g - 25, -4*m - 2*g + 5 = -m. Let o = -111 - -113. Let l(u) = -42 - 3*u + o*u + 41 + 4*u - 2*u. Give l(m).
2
Let m(o) = 13*o**3 + 15*o**2 + 10*o - 9. Let z(n) = 3*n**3 + 2*n**2 + n + 1. Let r(b) = -m(b) + 4*z(b). Calculate r(-6).
13
Let k(c) be the second derivative of c**6/120 - c**5/15 - 2*c**3/3 + 4*c**2 + 164*c. Let n(a) be the first derivative of k(a). Determine n(4).
-4
Let h = 438 - 391. Let o(s) = -3*s + 41 - h + 6. Calculate o(2).
-6
Let x(c) = 2*c**2 + 40*c - 8. Let r(g) = -17*g**3 + 239*g**2 - 16*g + 10. Let q be r(14). Determine x(q).
-80
Let u(d) = d**3 + d**2 - 13*d - 13. Let t = 11810 + -11814. What is u(t)?
-9
Let u(i) be the second derivative of i**4/12 + 2*i**3/3 + 2*i**2 + 37*i. Determine u(-3).
1
Let w(c) = -7*c - 20. Let l(n) = -4*n - 11. Let h(o) = 5*l(o) - 3*w(o). What is h(-14)?
-9
Suppose 34*o - 37*o + 5*r = -45, 75 = 5*o + 3*r. Let a(l) = l - 34. Calculate a(o).
-19
Suppose 5*g - 118 = -103. Let o(c) = c**2 + 2*c. Let x(j) = -4*j**2 - 7. Let r(p) = g*o(p) + x(p). Give r(6).
-7
Let b(i) = 43*i**3 - 3*i**2 + 2. Let f be b(1). Let v be 108/14 - (-4)/f*3. Let o(s) = -s**2 + 6*s + 3. Calculate o(v).
-13
Let r(o) = -o + 257. Let w(h) = h - 212. Let j(l) = 5*r(l) + 6*w(l). Determine j(6).
19
Let x = 311 - 309. Let y(s) = -7 - s**2 - 2*s**2 - 4*s + 6 + 0*s**x. Determine y(-3).
-16
Let v be (8/(-10))/((-8)/16)*(41 - 36). Let u(p) = p**2 - 14*p. Determine u(v).
-48
Let d(z) = z + 52. Suppose -71*m + 37*m + 228 = -15*m. Determine d(m).
64
Let j(b) be the first derivative of -b**2 - 48*b + 467. What is j(-21)?
-6
Let j(s) = -3*s + 11. Let p(y) = -2*y**2 + 49*y + 30. Let o be (20 + 5)/(-4 - (1 - 6)). Let w be p(o). What is j(w)?
-4
Let s = -74 - -77. Suppose 2*p - 5*r + 3 = -1, 2 = -p + s*r. Let o(d) be the second derivative of -d**5/20 - d**4/6 - d**3/6 + d**2 - d. Give o(p).
4
Let k(d) be the first derivative of 11*d**4/4 - 4*d**3/3 + d**2/2 + 2*d - 72. What is k(-1)?
-14
Suppose 42 = 3*q - 5*z, 1126*q - 51 = 1122*q + 5*z. Let j(r) = -2*r**2 + 18*r - 7. What is j(q)?
-7
Let i(z) = 3*z + 3. Suppose -2*p - 3*g + 1538 = 0, 0 = -4*p + 8*g - 12*g + 3084. Let m = 773 - p. Determine i(m).
-3
Let x be (((-3)/(-3))/(-3))/(2/(-6)). Suppose 3*w - 45 = 3*u, w + u - 6 = -x. Let g(f) = f**3 - 9*f**2 - 9*f + 8. Determine g(w).
18
Let s(o) = -o + 5. Suppose -45 = 2*x - 793. Let a = x + -367. Calculate s(a).
-2
Let r(h) = -h**3 - 3*h**2 + 4*h + 6. Let i be -9 - (-85)/(-5 + 10). Suppose -k = -3*k - 2*d + 6, 4*k - d = -3. Suppose k = t + t + i. Determine r(t).
6
Let p(q) = 64*q + 3*q**2 - q**2 - 21*q - 3*q**2 - 44*q - 5. Give p(0).
-5
Let m(i) = -i**3 + 13*i**2 - 11*i - 12. Let h = -43 + 46. Suppose -4*n + 54 = 2*u, h = 6*u - 5*u. Give m(n).
0
Let o(g) = -g**2 + 13*g - 15. Let q be o(11). Suppose -q + 4 = -b. Let t(w) = -w - 6 + 1 + b + 3. Calculate t(-3).
4
Let h(q) = q**2 - q + 20. Let k(d) = 4*d**2 + 9*d + 2. Let u be 0 + (3 - 1) + (-252)/63. Let c be k(u). What is h(c)?
20
Let d(b) be the first derivative of b**4/4 + 17*b**3/3 + b**2/2 + 30*b - 1240. Determine d(-17).
13
Let b be 0/(-2*1) + 3. Let s(w) be the first derivative of w + 1/2*w**2 + 240. Give s(b).
4
Let f(g) = g**2 + 9*g. Suppose -11*b + 13*b - 10 = -2*m, b - 3*m = 25. Suppose -i + 3*s = b, 53*i - s = 55*i + 20. Calculate f(i).
10
Let k(j) = -266*j. Let o(g) = -28*g - 7. Let s(v) = -19*v - 5. Let l(r) = 5*o(r) - 7*s(r). Let q(p) = 2*k(p) - 77*l(p). Give q(-1).
-7
Let q = 31629 + -31641. Let i(p) be the third derivative of -p**6/120 - 13*p**5/60 - 11*p**4/24 + p**3/2 + p**2. Determine i(q).
-9
Let u(c) = 52*c - 151. Suppose 5*y = 4*x - 37, 2*x = -y - 82 + 83. Determine u(x).
5
Let s be 13 + (-2 - -1 - 2). Suppose 2*o - s = 3*y, y + 0*o - 6 = 3*o. Let q be 5*1 - ((7 - 1) + y). Let p(l) = -l**2 + 6*l - 4. Calculate p(q).
1
Let o(u) = -u**2 - 9*u - 5. Let s be o(-8). Suppose s*v + 8 - 14 = 0. Let c(n) = -2*n**2 + 0*n**v - 45 + 31 + 11*n + n**2. Give c(10).
-4
Suppose 13 = -u + 150*l - 146*l, -2*u - 26 = -4*l. Let w(y) = 2*y**2 + 28*y + 30. Determine w(u).
4
Let v(r) = -32*r + 1. Let m(y) = 13*y - 2. Let d(h) = 5*m(h) + 2*v(h). Let l be (66/(-18))/(1/(-3)). Calculate d(l).
3
Let g(i) be the second derivative of 1/2*i**2 - 1/6*i**3 + 0 + 81*i + 1/2*i**4. Suppose 4*v + 6 = -2*s, -6*v + 5*v = -3*s - 16. Give g(v).
6
Suppose -34*p = -28*p. Let d(t) = p + 26 - 16 + t. Give d(0).
10
Let r(a) = -1250 + 16*a - 5*a**2 + 1250 + 2*a**2. Let k(c) = 2*c**2 - 11*c. Let u(i) = 7*k(i) + 5*r(i). Calculate u(3).
0
Let r(j) = -20*j + 72*j - 22*j - 29*j + 7. Let d be (-6)/4*(5 - 1). Give r(d).
1
Let b(o) = o**3 - 15*o**2 - 4*o - 5. Let k be b(9). Let s be k/(-119) - 8/(-14). Let w(h) = 6 - 7*h + h - 4*h**2 + 0*h + h**3. Calculate w(s).
1
Let t(z) = 4*z**3 + 21*z**2 + 7*z + 9. Let m(x) = 5*x**3 + 22*x**2 + 6*x + 11. Let l(v) = 2*m(v) - 3*t(v). Determine l(-9).
-5
Suppose -33*w - 36*w + 8349 = 0. Let y be (-2)/7 + (-74)/(-14). Let x(r) = r - 124 - y*r + w. Calculate x(3).
-15
Suppose -16*r + 31*r - 18 = 6*r. Let o(h) = -28*h + 8. Determine o(r).
-48
Let b(q) = -q**3 + 8*q**2 - 6*q - 3. Let x = 59 + -45. Suppose x = z + 12. Suppose -z = -n, -n = k - 2*n - 5. Calculate b(k).
4
Let k(c) = -c - 52 + 3*c + 64. Let r be k(-5). Let b(g) = -3 + 3*g + 7 - r*g + 0*g. What is b(-4)?
0
Suppose 0 = 19*t - 16*t - 4*o - 251, 0 = 2*t - 4*o - 170. Let g(a) = -t + 3*a + 83 + 2*a - 4*a + 6*a**3. Calculate g(-1).
-5
Let n(t) = -16*t**2 + 142*t - 16. Let a(s) = -5*s**2 + 43*s - 5. Let y(i) = -10*a(i) + 3*n(i). Calculate y(1).
0
Let z(i) = 69*i - 1. Let q(r) = 81*r. Let f(a) = -6*q(a) + 7*z(a). Suppose 0 = 4*s - 3*h + 7 + 4, 5*s + 13 = 4*h. Give f(s).
8
Let o(r) = 57*r - 26. Let m(p) = 6*p - 3. Let b(t) = 9*m(t) - o(t). Let h(d) = -d**2 + 5*d + 6. Let f be h(7). Calculate b(f).
23
Let b(g) be the first derivative of -2*g**2 + 3*g + 312. Let l be 17 - 4*(-12)/(-16). Let p = l + -9. Determine b(p).
-17
Let t be 7 + 3 + -12 + -5 + 7. Let w(a) be the first derivative of -11 + 0*a**2 + t*a**3 - 14*a + 1/4*a**4. What is w(0)?
-14
Suppose -8*z = 3*z + 22. Let p be 21/(-147) + (-12)/14 + z. Let a be ((-27)/6 + 0)/(p/(-4)). Let b(t) = -2*t - 9. Determine b(a).
3
Let h(y) be the third derivative of y**6/120 - y**5/10 - y**4/24 + y**3/6 + 17*y**2 + y. Give h(3).
-29
Let a = 91 + -95. Let o be (a/1)/(16 - 14) - 1. Let g(s) = -2*s**2. Calculate g(o).
-18
Let j(l) = -16*l**3 + 2*l**2 - 4*l - 5. Let n be j(-1). Let b(p) = -1205*p**2 - n*p - 24 + 7 + 1188*p**2 - p**3. Determine b(-16).
-1
Let a(b) = -2*b + 6. Let i(r) = 2*r**3 + 21*r**2 + r - 42. Let z be i(-10). Suppose 5*t - z = -3*t. Calculate a(t).
-6
Let i(x) = -x**3 + 10*x**2 - 6*x + 16. Let k be i(10). Let n = 35 + k. Let f(t) = 9*t**2 + 11 + 0*t**2 + 13*t - 3*t - 8*t**2. Determine f(n).
2
Let t(v) = 15*v**3 + 224*v**2 - 1079*v - 678. Let c(w) = 2*w**3 + 32*w**2 - 147*w - 97. Let r(z) = 22*c(z) - 3*t(z). Determine r(32).
-4
Let t(x) = x + 7. Let d be ((-2)/(-4))/(12/(-312)). Let s be d + 5/(5/6). Determine t(s).
0
Suppose 0 = -o + 3*n + 10, -3*n = 4*o - 0*o + 5. Let y(d) = 13*d**3 - 12*d**3 + 10*d**3 + 3*d**3 + d**2. Calculate y(o).
15
Suppose 40*c - 34 = 13*c - 61. Let b(w) = -2*w - 10. Let f(t) = -t - 9. Let y(r) = 6*b(r) - 7*f(r). Give y(c).
8
Let t(b) = 26*b**3 + 32*b**3 - 3*b**2 + 1 - 59*b**3 + b**2. Let f(w) = -w**2 + 6*w + 16. Let g be f(7). Let p = g - 8. Determine t(p).
-2
Let v(f) be the first derivative of 2*f**2 + 37*f - 492. Determine v(-15).
-23
Let f(m) = 1. Suppose -h + 11 - 10 = 0. Let q(v) = v - 1. Let r(t) = h*f(t) - q(t). Give r(8).
-6
Let k(f) = -f**3 - 4*f**2 + 3*f + 7. Let y = -863 - -859. Give k(y).
-5
Suppose 60*r =